t is the greatest common divisor of 7 and p?
7
Suppose -3*l = -2*l + 18. Let k = l - -25. Calculate the greatest common divisor of k and 63.
7
Let x = 128 + -88. Suppose -68 - 52 = -6*l. Calculate the highest common factor of l and x.
20
Suppose 17*r - 2*r = 2880. Calculate the greatest common factor of r and 12.
12
Let u = 6 - -3. Let o be (-2)/5 - (-42)/5. Let l = 11 - o. Calculate the highest common factor of l and u.
3
Suppose -2*h - 2*h = 0. Suppose -2 = -v - 3*k - 1, -3*v + 3*k + 3 = h. Let w be (-1)/4 - 13/(-4). What is the highest common divisor of v and w?
1
Suppose -19 = -n - 13. What is the greatest common factor of n and 4?
2
Let f(c) = -3*c + 1. Let j be f(-1). Suppose 45 = -j*b + b. Let d be ((-42)/b)/((-2)/(-10)). Calculate the highest common divisor of 126 and d.
14
Let n(c) = 73*c**2 + 3*c - 1. Let l be n(1). Suppose 8 = -4*f + 128. What is the highest common factor of f and l?
15
Let l = 500 + -330. Let y = l - 45. Suppose -y = -7*n + 2*n. What is the greatest common factor of 125 and n?
25
Let v be (4 + 16/(-3))/((-2)/24). Calculate the highest common divisor of v and 80.
16
Let k be ((-12)/(-8))/((-2)/(-4)). Let i = 0 - -3. Calculate the greatest common factor of k and i.
3
Let u(f) = 59*f**3 + f - 7. Let a(w) = 30*w**3 + w - 4. Let m(i) = 5*a(i) - 3*u(i). Let k be m(-1). What is the highest common factor of k and 78?
26
Let n = -6 - -12. Suppose -k + 20 = 4*k. Suppose -k*r + r - a + 94 = 0, -158 = -5*r - 2*a. What is the highest common factor of n and r?
6
Let r = 4 + 6. Let j = 72 + 18. What is the greatest common divisor of j and r?
10
Suppose -2*p + 79 = 5*v, p - 2*p = 3. Let w(c) = c**3 + 9*c**2 - 5*c - 11. Let i be w(-9). Calculate the highest common factor of i and v.
17
Let s = 22 - 17. Let b = -148 - -251. Suppose -2*g + 43 = 2*n - g, 0 = -s*n - 4*g + b. What is the greatest common divisor of 253 and n?
23
Suppose 5 - 54 = -7*s. What is the highest common divisor of 35 and s?
7
Let s be (-34)/(-10) - 16/40. Suppose -s*c = -2*v + 4, -2*v - 3*v + 25 = 0. Calculate the greatest common factor of c and 22.
2
Let w = 2 - 1. Let d be (-3)/(w - 28/26). Calculate the greatest common divisor of d and 26.
13
Let p(a) = -3*a**3. Let h be p(-2). Let x = 54 - h. Let q(y) = -14*y**3 + y**2. Let v be q(-1). What is the highest common divisor of v and x?
15
Suppose -2*m + 20 = -6*m. Let s = m + 7. Suppose s*v = -2*v + 136. What is the greatest common factor of v and 51?
17
Suppose b = i - 3*i + 5, 3*i = 4*b - 9. What is the greatest common factor of b and 24?
3
Let i(o) be the first derivative of -9*o**2/2 - 12*o - 3. Let f be i(-9). Let c = f - 24. What is the highest common factor of c and 30?
15
Let j be 1/(-6)*-8*-3. Let k = j - -5. Let q(g) = 6*g. Let v be q(k). What is the highest common factor of 24 and v?
6
Let y(r) = -r**3 + 20*r**2 + 7*r. Let k be y(20). What is the highest common factor of k and 20?
20
Let o(b) = 28*b**3 - b**2 + b - 1. Suppose 2*m + 3 = 5*m. Let z be o(m). What is the highest common divisor of z and 3?
3
Let o = 634 + -323. Suppose -3*h - 59 = -o. What is the highest common factor of 12 and h?
12
Let q = 8 - -8. Let f = q + 48. Calculate the highest common factor of 8 and f.
8
Suppose -5*f + 32 - 3 = 3*g, -3*g - 3 = -3*f. Suppose 0*s = g*s + 12. Let b(i) = -3*i - 2. Let d be b(s). Calculate the highest common factor of 4 and d.
2
Let d(c) = -c**3 - 2*c**2 + 2*c. Let s be d(-3). Suppose 0 = 4*a - 5*w, s*w = -3*a - 0*w + 27. Calculate the highest common divisor of a and 50.
5
Let p = 2 - -3. Suppose 6*k + 12 = 4*i + 2*k, 33 = i + p*k. What is the highest common factor of i and 16?
8
Let u = -138 - -243. Suppose 0 = 9*b - 5*b - 240. Suppose b = -6*g + 10*g. Calculate the highest common factor of u and g.
15
Let m be (-65 - -1 - 0)*-2. Let b be 50 + 0 - (-4)/(-2). Suppose -p - 2*p = -b. Calculate the highest common divisor of p and m.
16
Suppose x - 330 = -2*x. Calculate the greatest common divisor of 22 and x.
22
Let o = 14 + 25. Calculate the greatest common divisor of o and 13.
13
Let q(g) = g**2 + 6*g. Let i be q(-8). Suppose -s + 704 = 3*s. What is the highest common factor of s and i?
16
Suppose 0 = -5*g - 10 - 5, -3*p - 3*g = -57. What is the greatest common divisor of 11 and p?
11
Let n be (-26)/10 + (-8)/20. Let k(y) be the first derivative of -y**4/4 + 2*y**2 + y + 1. Let q be k(n). Calculate the greatest common divisor of 2 and q.
2
Let v(n) be the first derivative of -n**4/4 + 8*n**3/3 + 11*n**2/2 - 10*n - 1. Let i be v(9). What is the greatest common factor of 1 and i?
1
Suppose 2*z - b = -2*b + 144, 3*z = -b + 214. What is the highest common factor of z and 14?
14
Let s = 7 + -1. Suppose 0 = -3*x - s, p + 2*x + 6 = 2*p. Suppose -d + 7 = -p. Calculate the greatest common factor of 1 and d.
1
Let m(u) = -4*u**2 - u - 2*u - 2*u**3 + u. Let p be m(-2). Let v = 70 + -34. Calculate the highest common factor of p and v.
4
Let m(x) = -x. Let a be m(-7). Suppose -3 - a = -y. Calculate the highest common divisor of 5 and y.
5
Suppose 0 = -4*v + 16, 2*q - q + 5*v = 120. What is the highest common divisor of q and 25?
25
Let u be 2*3*(-6)/(-9). Suppose -3*x + 497 = -0*x + 2*w, 829 = 5*x + u*w. What is the greatest common factor of 15 and x?
15
Let r(m) = 2*m**3 + 2*m**2 + m + 4. Let w be r(-3). Let i be (-66)/(-10) - 14/w. Calculate the highest common factor of i and 1.
1
Let j(t) = -t**3 - 12*t**2 + 13*t + 12. Let i be j(-13). Calculate the greatest common divisor of 60 and i.
12
Let a be ((-22)/(-4))/(1/2). Suppose 290 = 4*l - 194. What is the highest common divisor of a and l?
11
Let f(c) = 8*c + 30. Let x be f(0). What is the highest common factor of x and 20?
10
Suppose 14 - 4 = 2*s. Suppose 0 = 3*k - 5*a - 74, 2*k + 70 = s*k - a. Let w = 463 + -256. Calculate the greatest common factor of k and w.
23
Let u(m) = m**3 + 7*m**2 + 5*m - 3. Let x be u(-6). Suppose -x*i + 18 = 3*c, -5*c - 4*i + 46 = 12. Calculate the greatest common factor of c and 15.
5
Let i be 30/(-20)*-1*2. Suppose 4*s + 3*o = -0*s + 353, -5*s + 447 = -2*o. Suppose -s - 76 = -5*f. What is the greatest common divisor of f and i?
3
Let m(w) = w**2 + w + 4. Let g be m(-3). Calculate the greatest common factor of g and 40.
10
Let x(m) = -3 + 2*m - 3 - 1. Let k be x(6). Suppose -4*y - 1 = -k. Calculate the highest common divisor of 8 and y.
1
Suppose -h + 79 = 2*u, -h - u + 73 = -5*u. Let s = -11 + 18. What is the highest common divisor of h and s?
7
Let p = 258 - 160. What is the highest common factor of 14 and p?
14
Let v be -5*(-7)/(28/8). Calculate the greatest common divisor of 4 and v.
2
Suppose 2*y = -0*u + 3*u + 14, 3*y = -2*u + 21. Suppose -3*g = -4*h - 1, 3*g - 2*h - 11 = -0*h. Calculate the highest common divisor of y and g.
7
Let f(v) = -v**3 + 6*v**2 - 3*v + 7. Let u be f(5). What is the highest common divisor of u and 68?
17
Let f = -5 - -23. Let y = f - -10. Calculate the greatest common factor of 70 and y.
14
Let c(u) = 2*u - 12. Let p be c(8). Suppose 81 - 29 = 3*i - p*s, s = -2*i + 31. What is the highest common divisor of 64 and i?
16
Let a(r) = 15*r**3 - r**2. Let c be a(1). Calculate the greatest common factor of 2 and c.
2
Let k = -22 - -32. Suppose 0 = -5*i + 4*s + 388, 0*s - 2*s = -2*i + 154. What is the highest common divisor of k and i?
10
Suppose x = 1 - 0, 2*x - 56 = -2*a. Calculate the greatest common divisor of a and 54.
27
Let g be -4 - ((-30)/3 - -2). Let q = -2 + 4. What is the greatest common divisor of q and g?
2
Suppose -4*u = -789 - 95. Calculate the highest common divisor of 13 and u.
13
Let d(o) = o**3 + 2*o**2 + 1. Suppose 0 = -3*y - 6. Let c be d(y). Calculate the greatest common factor of 2 and c.
1
Let d = -43 - -55. Suppose 4*s = -3*m + 186, 5*s - 4*m - 104 = 3*s. Calculate the greatest common factor of d and s.
12
Let s(v) = -v**3 - 4*v**2 - 6. Let m(q) = 3*q**3 + 12*q**2 - q + 17. Let j(h) = 4*m(h) + 11*s(h). Let u be j(-4). What is the highest common factor of 9 and u?
9
Suppose -20 = -4*z + 4*k, 3*k + 5 + 8 = 2*z. Suppose 2*i = 4*b - 26 - 64, z*b - 5*i = 33. Calculate the greatest common factor of 8 and b.
8
Suppose 2 - 17 = -5*h. Suppose h*k - 2*k = 5. Suppose k*j + 2*x + 0*x = 47, 0 = -j + 4*x + 27. Calculate the highest common factor of 22 and j.
11
Let p = -332 - -541. Suppose 0 = 4*